{"id":33,"date":"2023-10-15T18:33:08","date_gmt":"2023-10-15T16:33:08","guid":{"rendered":"http:\/\/meblomiara.pl\/?page_id=33"},"modified":"2023-10-22T19:31:58","modified_gmt":"2023-10-22T17:31:58","slug":"realizacje","status":"publish","type":"page","link":"http:\/\/meblomiara.pl\/index.php\/realizacje\/","title":{"rendered":"Realizacje"},"content":{"rendered":"\n    \n    <section class=\"u-align-center u-clearfix u-section-2\" id=\"sec-239f\">\n      <div class=\"u-clearfix u-sheet u-valign-middle u-sheet-1\">\n        <h2 class=\"u-text u-text-default u-text-1\">Przyk\u0142adowe realizacje<\/h2>\n        <p class=\"u-text u-text-2\">Poni\u017cej przedstawiamy kilka Naszych realizacji - aktualne portfolio mo\u017cna znale\u017a\u0107 na Instagram i Facebook.<\/p>\n        <div class=\"u-expanded-width u-gallery u-layout-grid u-lightbox u-show-text-on-hover u-gallery-1\">\n          <div class=\"u-gallery-inner u-gallery-inner-1\">\n            <div class=\"u-effect-fade u-gallery-item\">\n              <div class=\"u-back-slide\" data-image-width=\"1769\" data-image-height=\"2560\">\n                <img decoding=\"async\" class=\"u-back-image u-expanded\" src=\"http:\/\/meblomiara.pl\/wp-content\/uploads\/2023\/10\/kuchnia_2-1415x2048.jpg\">\n              <\/div>\n              <div class=\"u-over-slide u-shading u-over-slide-1\">\n                <h3 class=\"u-gallery-heading\"><\/h3>\n                <p class=\"u-gallery-text\"><\/p>\n              <\/div>\n            <\/div>\n            <div class=\"u-effect-fade u-gallery-item\">\n              <div class=\"u-back-slide\" data-image-width=\"2560\" data-image-height=\"2170\">\n                <img decoding=\"async\" class=\"u-back-image u-expanded\" src=\"http:\/\/meblomiara.pl\/wp-content\/uploads\/2023\/10\/kuchnia_2a-scaled.jpg\">\n              <\/div>\n              <div class=\"u-over-slide u-shading u-over-slide-2\">\n                <h3 class=\"u-gallery-heading\"><\/h3>\n                <p class=\"u-gallery-text\"><\/p>\n              <\/div>\n            <\/div>\n            <div class=\"u-effect-fade u-gallery-item\">\n              <div class=\"u-back-slide\" data-image-width=\"1543\" data-image-height=\"2560\">\n                <img decoding=\"async\" class=\"u-back-image u-expanded\" src=\"http:\/\/meblomiara.pl\/wp-content\/uploads\/2023\/10\/kuchnia_2b-1234x2048.jpg\">\n              <\/div>\n              <div class=\"u-over-slide u-shading u-over-slide-3\">\n                <h3 class=\"u-gallery-heading\"><\/h3>\n                <p class=\"u-gallery-text\"><\/p>\n              <\/div>\n            <\/div>\n            <div class=\"u-effect-fade u-gallery-item\">\n              <div class=\"u-back-slide\" data-image-width=\"2067\" data-image-height=\"2560\">\n                <img decoding=\"async\" class=\"u-back-image u-expanded\" src=\"http:\/\/meblomiara.pl\/wp-content\/uploads\/2023\/10\/kuchnia_2c-1240x1536.jpg\">\n              <\/div>\n              <div class=\"u-over-slide u-shading u-over-slide-4\">\n                <h3 class=\"u-gallery-heading\"><\/h3>\n                <p class=\"u-gallery-text\"><\/p>\n              <\/div>\n            <\/div>\n            <div class=\"u-effect-fade u-gallery-item\">\n              <div class=\"u-back-slide\" data-image-width=\"1916\" data-image-height=\"2560\">\n                <img decoding=\"async\" class=\"u-back-image u-expanded\" src=\"http:\/\/meblomiara.pl\/wp-content\/uploads\/2023\/10\/kuchnia_3a-1149x1536.jpg\">\n              <\/div>\n              <div class=\"u-over-slide u-shading u-over-slide-5\">\n                <h3 class=\"u-gallery-heading\"><\/h3>\n                <p class=\"u-gallery-text\"><\/p>\n              <\/div>\n            <\/div>\n            <div class=\"u-effect-fade u-gallery-item\">\n              <div class=\"u-back-slide\" data-image-width=\"1916\" data-image-height=\"2560\">\n                <img decoding=\"async\" class=\"u-back-image u-expanded\" src=\"http:\/\/meblomiara.pl\/wp-content\/uploads\/2023\/10\/kuchnia_3b-1149x1536.jpg\">\n              <\/div>\n              <div class=\"u-over-slide u-shading u-over-slide-6\">\n                <h3 class=\"u-gallery-heading\"><\/h3>\n                <p class=\"u-gallery-text\"><\/p>\n              <\/div>\n            <\/div>\n            <div class=\"u-effect-fade u-gallery-item\">\n              <div class=\"u-back-slide\" data-image-width=\"1614\" data-image-height=\"2560\">\n                <img decoding=\"async\" class=\"u-back-image u-expanded\" src=\"http:\/\/meblomiara.pl\/wp-content\/uploads\/2023\/10\/kuchnia_3c-1291x2048.jpg\">\n              <\/div>\n              <div class=\"u-over-slide u-shading u-over-slide-7\">\n                <h3 class=\"u-gallery-heading\"><\/h3>\n                <p class=\"u-gallery-text\"><\/p>\n              <\/div>\n            <\/div>\n            <div class=\"u-effect-fade u-gallery-item\">\n              <div class=\"u-back-slide\" data-image-width=\"2560\" data-image-height=\"2105\">\n                <img decoding=\"async\" class=\"u-back-image u-expanded\" src=\"http:\/\/meblomiara.pl\/wp-content\/uploads\/2023\/10\/kuchnia_3d-scaled.jpg\">\n              <\/div>\n              <div class=\"u-over-slide u-shading u-over-slide-8\">\n                <h3 class=\"u-gallery-heading\"><\/h3>\n                <p class=\"u-gallery-text\"><\/p>\n              <\/div>\n            <\/div>\n            <div class=\"u-effect-fade u-gallery-item\">\n              <div class=\"u-back-slide\" data-image-width=\"1500\" data-image-height=\"2000\">\n                <img decoding=\"async\" class=\"u-back-image u-expanded\" src=\"http:\/\/meblomiara.pl\/wp-content\/uploads\/2023\/10\/kuchnia_4a.jpg\">\n              <\/div>\n              <div class=\"u-over-slide u-shading u-over-slide-9\">\n                <h3 class=\"u-gallery-heading\"><\/h3>\n                <p class=\"u-gallery-text\"><\/p>\n              <\/div>\n            <\/div>\n            <div class=\"u-effect-fade u-gallery-item\">\n              <div class=\"u-back-slide\" data-image-width=\"1500\" data-image-height=\"2000\">\n                <img decoding=\"async\" class=\"u-back-image u-expanded\" src=\"http:\/\/meblomiara.pl\/wp-content\/uploads\/2023\/10\/kuchnia_4b.jpg\">\n              <\/div>\n              <div class=\"u-over-slide u-shading u-over-slide-10\">\n                <h3 class=\"u-gallery-heading\"><\/h3>\n                <p class=\"u-gallery-text\"><\/p>\n              <\/div>\n            <\/div>\n            <div class=\"u-effect-fade u-gallery-item\">\n              <div class=\"u-back-slide\" data-image-width=\"1500\" data-image-height=\"2000\">\n                <img decoding=\"async\" class=\"u-back-image u-expanded\" src=\"http:\/\/meblomiara.pl\/wp-content\/uploads\/2023\/10\/kuchnia_4c.jpg\">\n              <\/div>\n              <div class=\"u-over-slide u-shading u-over-slide-11\">\n                <h3 class=\"u-gallery-heading\"><\/h3>\n                <p class=\"u-gallery-text\"><\/p>\n              <\/div>\n            <\/div>\n            <div class=\"u-effect-fade u-gallery-item\">\n              <div class=\"u-back-slide\" data-image-width=\"1920\" data-image-height=\"2560\">\n                <img decoding=\"async\" class=\"u-back-image u-expanded\" src=\"http:\/\/meblomiara.pl\/wp-content\/uploads\/2023\/10\/kuchnia_1a-1152x1536.jpg\">\n              <\/div>\n              <div class=\"u-over-slide u-shading u-over-slide-12\">\n                <h3 class=\"u-gallery-heading\"><\/h3>\n                <p class=\"u-gallery-text\"><\/p>\n              <\/div>\n            <\/div>\n            <div class=\"u-effect-fade u-gallery-item\">\n              <div class=\"u-back-slide\" data-image-width=\"2560\" data-image-height=\"1920\">\n                <img decoding=\"async\" class=\"u-back-image u-expanded\" src=\"http:\/\/meblomiara.pl\/wp-content\/uploads\/2023\/10\/kuchnia_1c-scaled.jpg\">\n              <\/div>\n              <div class=\"u-over-slide u-shading u-over-slide-13\">\n                <h3 class=\"u-gallery-heading\"><\/h3>\n                <p class=\"u-gallery-text\"><\/p>\n              <\/div>\n            <\/div>\n            <div class=\"u-effect-fade u-gallery-item\">\n              <div class=\"u-back-slide\" data-image-width=\"1920\" data-image-height=\"2560\">\n                <img decoding=\"async\" class=\"u-back-image u-expanded\" src=\"http:\/\/meblomiara.pl\/wp-content\/uploads\/2023\/10\/kuchnia_1b-1152x1536.jpg\">\n              <\/div>\n              <div class=\"u-over-slide u-shading u-over-slide-14\">\n                <h3 class=\"u-gallery-heading\"><\/h3>\n                <p class=\"u-gallery-text\"><\/p>\n              <\/div>\n            <\/div>\n            <div class=\"u-effect-fade u-gallery-item\">\n              <div class=\"u-back-slide\" data-image-width=\"1204\" data-image-height=\"1600\">\n                <img decoding=\"async\" class=\"u-back-image u-expanded\" src=\"http:\/\/meblomiara.pl\/wp-content\/uploads\/2023\/10\/IMG-20231017-WA0030.jpg\">\n              <\/div>\n              <div class=\"u-over-slide u-shading u-over-slide-15\">\n                <h3 class=\"u-gallery-heading\"><\/h3>\n                <p class=\"u-gallery-text\"><\/p>\n              <\/div>\n            <\/div>\n            <div class=\"u-effect-fade u-gallery-item\">\n              <div class=\"u-back-slide\" data-image-width=\"1204\" data-image-height=\"1600\">\n                <img decoding=\"async\" class=\"u-back-image u-expanded\" src=\"http:\/\/meblomiara.pl\/wp-content\/uploads\/2023\/10\/korytarz_meble_1.jpg\">\n              <\/div>\n              <div class=\"u-over-slide u-shading u-over-slide-16\">\n                <h3 class=\"u-gallery-heading\"><\/h3>\n                <p class=\"u-gallery-text\"><\/p>\n              <\/div>\n            <\/div>\n            <div class=\"u-effect-fade u-gallery-item\">\n              <div class=\"u-back-slide\" data-image-width=\"1920\" data-image-height=\"2560\">\n                <img decoding=\"async\" class=\"u-back-image u-expanded\" src=\"http:\/\/meblomiara.pl\/wp-content\/uploads\/2023\/10\/garderoba-1152x1536.jpg\">\n              <\/div>\n              <div class=\"u-over-slide u-shading u-over-slide-17\">\n                <h3 class=\"u-gallery-heading\"><\/h3>\n                <p class=\"u-gallery-text\"><\/p>\n              <\/div>\n            <\/div>\n            <div class=\"u-effect-fade u-gallery-item\">\n              <div class=\"u-back-slide\" data-image-width=\"1916\" data-image-height=\"2560\">\n                <img decoding=\"async\" class=\"u-back-image u-expanded\" src=\"http:\/\/meblomiara.pl\/wp-content\/uploads\/2023\/10\/pralnia-1149x1536.jpg\">\n              <\/div>\n              <div class=\"u-over-slide u-shading u-over-slide-18\">\n                <h3 class=\"u-gallery-heading\"><\/h3>\n                <p class=\"u-gallery-text\"><\/p>\n              <\/div>\n            <\/div>\n            <div class=\"u-effect-fade u-gallery-item\">\n              <div class=\"u-back-slide\" data-image-width=\"2557\" data-image-height=\"3656\">\n                <img decoding=\"async\" class=\"u-back-image u-expanded\" src=\"http:\/\/meblomiara.pl\/wp-content\/uploads\/2023\/10\/toaleta_szafka-1432x2048.png\">\n              <\/div>\n              <div class=\"u-over-slide u-shading u-over-slide-19\">\n                <h3 class=\"u-gallery-heading\"><\/h3>\n                <p class=\"u-gallery-text\"><\/p>\n              <\/div>\n            <\/div>\n            <div class=\"u-effect-fade u-gallery-item\">\n              <div class=\"u-back-slide\" data-image-width=\"1201\" data-image-height=\"1600\">\n                <img decoding=\"async\" class=\"u-back-image u-expanded\" src=\"http:\/\/meblomiara.pl\/wp-content\/uploads\/2023\/10\/toaleta_2a.jpg\">\n              <\/div>\n              <div class=\"u-over-slide u-shading u-over-slide-20\">\n                <h3 class=\"u-gallery-heading\"><\/h3>\n                <p class=\"u-gallery-text\"><\/p>\n              <\/div>\n            <\/div>\n            <div class=\"u-effect-fade u-gallery-item\">\n              <div class=\"u-back-slide\" data-image-width=\"1200\" data-image-height=\"1600\">\n                <img decoding=\"async\" class=\"u-back-image u-expanded\" src=\"http:\/\/meblomiara.pl\/wp-content\/uploads\/2023\/10\/toaleta_2b.jpg\">\n              <\/div>\n              <div class=\"u-over-slide u-shading u-over-slide-21\">\n                <h3 class=\"u-gallery-heading\"><\/h3>\n                <p class=\"u-gallery-text\"><\/p>\n              <\/div>\n            <\/div>\n            <div class=\"u-effect-fade u-gallery-item\">\n              <div class=\"u-back-slide\" data-image-width=\"1204\" data-image-height=\"1600\">\n                <img decoding=\"async\" class=\"u-back-image u-expanded\" src=\"http:\/\/meblomiara.pl\/wp-content\/uploads\/2023\/10\/toaleta_3.jpg\">\n              <\/div>\n              <div class=\"u-over-slide u-shading u-over-slide-22\">\n                <h3 class=\"u-gallery-heading\"><\/h3>\n                <p class=\"u-gallery-text\"><\/p>\n              <\/div>\n            <\/div>\n            <div class=\"u-effect-fade u-gallery-item\">\n              <div class=\"u-back-slide\" data-image-width=\"1200\" data-image-height=\"1600\">\n                <img decoding=\"async\" class=\"u-back-image u-expanded\" src=\"http:\/\/meblomiara.pl\/wp-content\/uploads\/2023\/10\/toaleta_4a.jpg\">\n              <\/div>\n              <div class=\"u-over-slide u-shading u-over-slide-23\">\n                <h3 class=\"u-gallery-heading\"><\/h3>\n                <p class=\"u-gallery-text\"><\/p>\n              <\/div>\n            <\/div>\n            <div class=\"u-effect-fade u-gallery-item\">\n              <div class=\"u-back-slide\" data-image-width=\"972\" data-image-height=\"1152\">\n                <img decoding=\"async\" class=\"u-back-image u-expanded\" src=\"http:\/\/meblomiara.pl\/wp-content\/uploads\/2023\/10\/toaleta_5a.jpg\">\n              <\/div>\n              <div class=\"u-over-slide u-shading u-over-slide-24\">\n                <h3 class=\"u-gallery-heading\"><\/h3>\n                <p class=\"u-gallery-text\"><\/p>\n              <\/div>\n            <\/div>\n            <div class=\"u-effect-fade u-gallery-item\">\n              <div class=\"u-back-slide\" data-image-width=\"1200\" data-image-height=\"1600\">\n                <img decoding=\"async\" class=\"u-back-image u-expanded\" src=\"http:\/\/meblomiara.pl\/wp-content\/uploads\/2023\/10\/toaleta_6a.jpg\">\n              <\/div>\n              <div class=\"u-over-slide u-shading u-over-slide-25\">\n                <h3 class=\"u-gallery-heading\"><\/h3>\n                <p class=\"u-gallery-text\"><\/p>\n              <\/div>\n            <\/div>\n            <div class=\"u-effect-fade u-gallery-item\">\n              <div class=\"u-back-slide\" data-image-width=\"1920\" data-image-height=\"2560\">\n                <img decoding=\"async\" class=\"u-back-image u-expanded\" src=\"http:\/\/meblomiara.pl\/wp-content\/uploads\/2023\/10\/szafka_2-1152x1536.jpg\">\n              <\/div>\n              <div class=\"u-over-slide u-shading u-over-slide-26\">\n                <h3 class=\"u-gallery-heading\"><\/h3>\n                <p class=\"u-gallery-text\"><\/p>\n              <\/div>\n            <\/div>\n            <div class=\"u-effect-fade u-gallery-item\">\n              <div class=\"u-back-slide\" data-image-width=\"1149\" data-image-height=\"803\">\n                <img decoding=\"async\" class=\"u-back-image u-expanded\" src=\"http:\/\/meblomiara.pl\/wp-content\/uploads\/2023\/10\/szafka_1.jpg\">\n              <\/div>\n              <div class=\"u-over-slide u-shading u-over-slide-27\">\n                <h3 class=\"u-gallery-heading\"><\/h3>\n                <p class=\"u-gallery-text\"><\/p>\n              <\/div>\n            <\/div>\n          <\/div>\n        <\/div>\n      <\/div>\n    <\/section>\n    \n    \n    \n  \n","protected":false},"excerpt":{"rendered":"<p>Przyk\u0142adowe realizacje Poni\u017cej przedstawiamy kilka Naszych realizacji &#8211; aktualne portfolio mo\u017cna znale\u017a\u0107 na Instagram i Facebook.<\/p>\n","protected":false},"author":1,"featured_media":0,"parent":0,"menu_order":0,"comment_status":"closed","ping_status":"closed","template":"","meta":{"footnotes":""},"class_list":["post-33","page","type-page","status-publish","hentry"],"_links":{"self":[{"href":"http:\/\/meblomiara.pl\/index.php\/wp-json\/wp\/v2\/pages\/33","targetHints":{"allow":["GET"]}}],"collection":[{"href":"http:\/\/meblomiara.pl\/index.php\/wp-json\/wp\/v2\/pages"}],"about":[{"href":"http:\/\/meblomiara.pl\/index.php\/wp-json\/wp\/v2\/types\/page"}],"author":[{"embeddable":true,"href":"http:\/\/meblomiara.pl\/index.php\/wp-json\/wp\/v2\/users\/1"}],"replies":[{"embeddable":true,"href":"http:\/\/meblomiara.pl\/index.php\/wp-json\/wp\/v2\/comments?post=33"}],"version-history":[{"count":5,"href":"http:\/\/meblomiara.pl\/index.php\/wp-json\/wp\/v2\/pages\/33\/revisions"}],"predecessor-version":[{"id":198,"href":"http:\/\/meblomiara.pl\/index.php\/wp-json\/wp\/v2\/pages\/33\/revisions\/198"}],"wp:attachment":[{"href":"http:\/\/meblomiara.pl\/index.php\/wp-json\/wp\/v2\/media?parent=33"}],"curies":[{"name":"wp","href":"https:\/\/api.w.org\/{rel}","templated":true}]}}